 of -103*a**4/4 - 13*a**3/6 + 13*a**2. Let p be 2*(-1)/2 - 3. Is x(p) a composite number?
False
Suppose -4*k + 1275109 = 3*g, -3*k - 271767 = -5*g - 1228135. Is k a prime number?
True
Let z(i) = 1456*i + 695. Is z(96) a prime number?
False
Suppose -5*x = -5*a + 36995, -4*x + 20166 + 2038 = 3*a. Let n = 10691 - a. Is n prime?
False
Suppose -32044 + 4537 = 4*y - 5*i, 4*i + 13760 = -2*y. Let h = y + 10371. Is h a prime number?
False
Suppose -9*t = -6*t, 4*r + 5*t = 10004. Suppose 1559 = 20*i - r. Is i a composite number?
True
Let i(z) = z**2 + 5*z + 27. Let v(r) be the second derivative of r**5/20 + r**4/2 + r**3/2 + 2*r**2 + 13*r. Let b be v(-5). Is i(b) a prime number?
True
Suppose 4*h - m = -0*h - 7, 10 = -4*h + 2*m. Let w be -3 + h*(0 - -1). Is 6/w - 79/(-2) a composite number?
True
Let y(o) = 10*o**2 - 7*o - 1270. Is y(-63) a composite number?
False
Suppose c - 97962 = -j + 176857, 3*j - 24 = 0. Is c composite?
False
Suppose 3*o + 402956 = s + 75024, 3*o - 327950 = -s. Is s composite?
False
Suppose 5*m - 5*f - 21590 = 0, -3*f = -6*m + 2*m + 17275. Is m prime?
False
Suppose -50*n + 23974662 + 6556388 = 0. Is n a composite number?
True
Let c = 449801 - 264216. Is c prime?
False
Suppose 0 = 19*r - 21*r + 4*j + 328842, -3*r + 493275 = -9*j. Is r a prime number?
True
Let g(n) = -1921*n - 421. Is g(-14) prime?
False
Let y be 4/3*(-20553)/(-62). Let v = y - -187. Is v a composite number?
True
Let b(h) = 5671*h + 2194. Is b(13) prime?
False
Let w(k) = 4981*k + 81. Is w(8) a composite number?
False
Suppose -4*b + 4*h = -3058012, 2*b + 29*h = 28*h + 1529018. Is b a prime number?
False
Suppose 357 = 10*s - 153. Suppose s + 183 = -6*z. Let t = z + 94. Is t a prime number?
False
Suppose 14*k - 94*k + 85360 = 0. Is k prime?
False
Suppose 76184 + 19465 = -3*t - 2*w, 5*t + 159414 = -3*w. Is (t/12)/(8/(-32)) a composite number?
False
Let z(j) = 35*j**3 + 5*j**2 + 5*j - 5. Let x be z(3). Suppose b = -p + 1250, -b + x + 2744 = 3*p. Is p composite?
True
Let h(c) = 35*c**2 + 2*c + 11. Suppose -6 = 11*z - 28. Suppose -34 = 5*w - 4*y, z*w = 2*y - 21 + 7. Is h(w) a composite number?
False
Suppose 53*o - 47*o = 318. Suppose o*s = 38*s + 125310. Is s composite?
True
Suppose 2*o + 105 = 7*o. Suppose -6*l = -o*l + 5730. Is l composite?
True
Let j be 10*(28/35 + 2/(-5)). Suppose -5781 = -2*k - r, k + j*r = 2376 + 497. Is k composite?
True
Let m be -646 + ((-6)/(-2) - 4). Let v = -1561 + 3175. Let t = m + v. Is t prime?
True
Let g = -92 - -95. Suppose 3*y - 1 + 19 = 3*m, 4*m + g = -5*y. Suppose -m*b - 3658 = -5*x - 501, -4*b = -x + 645. Is x a composite number?
True
Suppose -5*l = 3*f - 250490 - 53078, -121427 = -2*l - f. Is l composite?
True
Let r(c) = -3*c**3 - 3*c + 7. Suppose -3*m + 3*y = -y + 14, -m - 2*y + 12 = 0. Suppose -25 = 4*x + k, 6 + 4 = -m*x + 2*k. Is r(x) a prime number?
True
Let r = 719252 - 482965. Is r composite?
False
Let b(m) = 54*m**2 - 107*m - 34. Is b(-21) a prime number?
False
Let l = -199779 - -407398. Is l a prime number?
True
Let w(t) = -87*t**2 + t - 3. Let o(h) = 175*h**2 - 2*h + 7. Suppose -18 = 2*j - 0*j - i, 4*j + 36 = 4*i. Let p(m) = j*w(m) - 4*o(m). Is p(2) prime?
False
Let u be (-1)/1 + 351/3 + 4. Suppose -59*q + 57*q = u. Is q/(-18) + (-3)/9 + 728 a composite number?
True
Let n(j) = -2*j**2 + 3. Let h be n(-2). Is (12892/12 - h)*3/2 composite?
False
Let w = -139 + 187. Suppose 26330 = -38*y + w*y. Is y a prime number?
True
Let n be (2 + -35)*-1*88/(-8). Let a = 906 + n. Is a a prime number?
False
Let c = 117113 - 68382. Is c a prime number?
True
Suppose -w = -115*m + 120*m - 144575, -6 = m. Is w a composite number?
True
Let p = -17512 - -34015. Suppose 0 = -4*o + p + 37741. Is o prime?
False
Suppose 7697 + 2246 = 2*l + 3*b, 4*l - 19862 = 2*b. Is l composite?
False
Suppose 609*q = 606*q - 3*p + 258909, 3*p = 2*q - 172636. Is q a prime number?
False
Let b(q) be the second derivative of 9*q + 43/6*q**3 + 11/2*q**2 + 0. Is b(5) a prime number?
False
Let d(k) = -7*k**2 - 25*k - 8. Let a(s) = -3*s**2 + s - 1. Let h(m) = -3*a(m) + d(m). Is h(19) a prime number?
False
Suppose 4*a = -2*k + 12, -3*a - 45 = -k - 2*k. Suppose 5*n + 3*j - 46 = -k, -9 = -3*j. Is 3153/n + 14/35 composite?
False
Let u be 154/21*(-405)/6. Let x = 71 + u. Let j = x - -1223. Is j composite?
True
Let c(z) = 15336*z + 2035. Is c(34) a composite number?
False
Suppose h = -2*w + 18, 13*h = 8*h + 5*w + 15. Suppose -28972 = -2*d - 3*f, -6*d - 28976 = -h*d - f. Is d composite?
False
Suppose 166*x + 2520441 = 239920195. Is x a composite number?
False
Let f(d) = -2*d**3 - 6*d**2 - 9*d - 8. Suppose -87*i + 288 = -103*i. Is f(i) a prime number?
False
Let w(n) = -300*n**3 + 6*n**2 - 32*n - 137. Is w(-6) a prime number?
True
Suppose 3*p = -5*o + 14041, 7*p = -o + 3*p + 2798. Let l = 333 + o. Is l a prime number?
False
Let w be ((-2)/(-8))/(4/1808). Suppose -2*m + w = -177. Is m composite?
True
Let n be (-12)/54 + 166/18. Is (21542/4)/(n*(-7)/(-126)) a composite number?
False
Suppose -139*k + 2915245 + 2264034 = 0. Is k prime?
False
Let z be (3*18730/45 - -5)*-12. Is (-57)/19*z/12 composite?
False
Suppose -15*i + 7*i = 208. Let p = -26 - i. Suppose p = 6*c - 981 - 2565. Is c a composite number?
True
Let t = 2 - -12. Let j(f) = -f**3 + 16*f**2 - 24*f - 33. Is j(t) a composite number?
False
Let j(q) = 4041*q**2 - 40*q + 22. Is j(-5) composite?
True
Let s(f) = -f**2 - f - 1111. Let n be s(0). Let l = n - -768. Let u = 828 + l. Is u a prime number?
False
Let g(h) = 161*h - 79. Let j be g(-8). Let l = 2376 + j. Is l a composite number?
False
Let w(r) = 29*r**2 + 364*r - 520. Is w(-83) composite?
False
Let f = 8671 - -8986. Is f a composite number?
False
Let h(i) = -i**3 - 30*i**2 + 104*i - 4. Is h(-43) a prime number?
False
Let v be 14*3/6 - (-6 - -4). Suppose -3*h + 12 = -2*h. Is -4 - ((-3999)/v + h/9) prime?
True
Suppose -6*l = 7*l. Suppose 2*g + 10 = -4*a - l, -2*g = 5*a + 10. Suppose s = -c + 1113, 2*c - 5*s - 2185 - 69 = a. Is c prime?
True
Let f be (-1)/((0 + 2)/(-10)). Suppose f*g = 4*j - 10, -4*g = 5*j + 20 - 53. Is (g - 1)/((-7)/(-6223)) a composite number?
True
Let i(v) = v**3 - 8*v**2 + 12*v + 17. Let l be i(5). Suppose 0*z + l*p = -2*z + 12334, -p - 6159 = -z. Is z composite?
False
Let r = 52058 - 25749. Is r prime?
True
Suppose 2*f = -8 + 8. Suppose f*l = -2*l. Suppose l = 23*w - 21*w - 646. Is w composite?
True
Let b = 14001 - 4590. Let k = b - 5924. Is k composite?
True
Let b(i) = -i**3 + 12*i**2 - 3*i + 16. Let c be b(12). Let d = -18 - c. Suppose -d*n + 4543 = 5*n. Is n composite?
True
Let y = 135 + -135. Suppose -8*a + 10*a - 3814 = y. Is a prime?
True
Suppose -23*n = -2*y - 27*n + 111146, 222322 = 4*y - 2*n. Is y prime?
True
Let w = -80326 + 191573. Is w composite?
True
Let u(t) = t**3 + 17*t**2 + 2*t - 3. Suppose -26*j - 33 = -23*j. Is u(j) composite?
False
Suppose 41*c = 51*c - 29*c + 400691. Is c prime?
True
Suppose -18*b - 18*b - 8209 = -37*b. Is b a composite number?
False
Let g be -4 + 19/(57/(-4260)). Let b = g - -3093. Is b prime?
True
Let h(g) be the second derivative of 5*g**4/6 + g**3 - 5*g**2/2 + 7*g - 4. Is h(-16) prime?
True
Suppose 97*x - 591*x + 2582138 = 0. Is x a composite number?
False
Is 2*(3 - 72/32)*(-117932)/(-6) composite?
False
Let z be 2*2/(-4)*30/(-6). Suppose -30*c + 45995 = z*v - 35*c, 5*c = 10. Is v composite?
True
Let t(o) = 82*o - 29. Let d(r) = 163*r - 57. Let h(v) = 4*d(v) - 7*t(v). Let k be h(5). Suppose 0 = -3*b + 2*u + k, 4*b + 3*u - 502 = -2*u. Is b composite?
True
Let g(k) = 223*k**2 - 11*k - 34. Let y be g(-12). Let w = 3041 + y. Is w composite?
False
Let b(z) = 40*z**3 - z**2 + 75*z + 48. Is b(14) composite?
True
Let y(o) = 94*o**2 - 11*o + 6. Let g = -163 + 100. Let x be (4/6)/(-1 + (-69)/g). Is y(x) composite?
True
Let f(k) = -2*k**3 - 7*k**2 + 11*k + 5. Let t(m) = -m**3. Let s(d) = f(d) - 6*t(d). Suppose 3*w = -3*o + 2 + 7, -o - 3 = 0. Is s(w) a composite number?
False
Is (1 - 0)/(237/53350833) a composite number?
False
Let z(v) = -v**3 + 100*v**2 - 74*v - 932. Is z(99) a composite number?
False
Let j(s) = 97 + 2002*s + 282*s + 1344*s + 2327*s - 1454*s. Is j(4) a composite number?
True
Let u(z) = -z**3 - 14*z**2 - 15*z - 21. Let h be u(-13). Let n be (-8)/10*h/(-2). Suppose -169 = -n*v + 237. Is v composite?
True
Let p(v) 